?
2
Suppose -20 = 4*l - 0. Let n = 19 + l. What is the tens digit of n?
1
What is the hundreds digit of -8 + 5649/28*8?
6
Let s(k) = 7*k**2 + 3*k + 3. Let a be s(-3). Let g = 14 - a. Let z = 72 + g. What is the tens digit of z?
2
Suppose -36*k + 33240 = -6*k. What is the hundreds digit of k?
1
Let v(c) = 7*c**2 - 33*c + 70. Let x(h) = 11*h**2 - 50*h + 105. Let l(r) = 8*v(r) - 5*x(r). What is the units digit of l(11)?
2
What is the units digit of 36/(-90) + (-2917)/(-5)?
3
What is the units digit of 131/7 + 36/126?
9
Suppose -6*y = 3*r - 9*y - 11808, 3*y = -r + 3956. What is the tens digit of r?
4
Suppose 9*a = 7*a + 6. Suppose -g + a*n + 41 = 0, -g - 4*n - 10 + 79 = 0. What is the units digit of g?
3
Let v = -489 + 796. What is the hundreds digit of v?
3
Let c be (-85)/(-20) + (-2)/8. Let x(j) = 15*j - 5. What is the units digit of x(c)?
5
Let w be ((-9)/2)/(4/(-24)). Suppose 2*x - 2 = 0, 3*m - 68 = -2*x + w. What is the tens digit of m?
3
Let z(l) = 6*l**2 - 24*l - 6. Let i be z(17). Suppose -8*v = 2*v - i. What is the units digit of v?
2
Let h(q) = 11*q**2 - 3*q + 2. Let b be h(1). Suppose 2*j = -2 + b. Suppose o = 1, j*d - 3*o - 20 = 3*d. What is the units digit of d?
3
Let z be (0 + -1)*(1 + 2). Let y = z + 3. Suppose 5*q - q - 92 = y. What is the units digit of q?
3
Suppose 9*d - 33 = -5*y + 7*d, -2*d + 5 = y. Let f(g) = -g**2 + 4. Let v be f(0). Suppose 0 = v*z - y*z + 120. What is the tens digit of z?
4
Suppose 0*q - 72 = -3*q. Suppose -5*b + b = -q. What is the units digit of b?
6
Let w be ((-104)/(-6))/(18/81). Let n = w + -42. What is the tens digit of n?
3
Suppose -3*g = -2*p + 1990, 7*p - 9*p + 1976 = 4*g. What is the hundreds digit of p?
9
Let q = 3981 - 2307. What is the tens digit of q?
7
What is the units digit of 3/(-21) + 13968/21?
5
Let h be (-8)/16*1458/(-1). Let p = h + -507. What is the tens digit of p?
2
Suppose 0 = -3*b - 523 + 7306. What is the thousands digit of b?
2
Suppose 0 = 4*u - 2*v - 1018, u - 5*v = -6*v + 262. What is the tens digit of u?
5
Let q(m) = 2*m**2 - 8*m + 16. Let s(y) = -3*y**2 + 16*y - 31. Let l(g) = 5*q(g) + 3*s(g). Let c be l(-9). Let r = 8 + c. What is the units digit of r?
4
Suppose 10802 = -38*g + 49*g. What is the tens digit of g?
8
Let a(q) be the third derivative of q**6/120 - q**5/10 - 7*q**4/24 + q**3 + 4*q**2. Let v be a(7). What is the tens digit of 98/v + (-6)/18?
1
Let p be -1*3 + 2 - (-33)/11. Suppose -j - 238 = -p*j. What is the hundreds digit of j?
2
Let p be -3 - (-5 - 2 - 3). Suppose 3*g = 2*u + 292, 8*u - p*u = 2*g - 194. What is the units digit of g?
6
Let o(j) be the first derivative of 3*j**2/2 - 7*j + 4. Let w be o(-5). What is the units digit of (w/(-33))/(4/210)?
5
Let t(c) = -7*c**2 + 1. Let b be t(-1). What is the units digit of (3 - (-2 - b))*-1?
1
Suppose 2*d + 1105 = y - 399, 5*d + 6019 = 4*y. What is the tens digit of y?
0
What is the units digit of (2/(-12))/((-15)/135)*194?
1
Let f(j) = 41*j - 13*j - 13 + 14*j + 4*j. What is the hundreds digit of f(3)?
1
Let c be (-224)/20 + 8/(-10). Let t = -10 - c. What is the units digit of (-52)/t*(-15)/10?
9
Let j(m) = 323*m**3 - 2*m + 11. What is the hundreds digit of j(2)?
5
Let w(b) = b - 11. Let t(u) be the second derivative of 5*u**2 + u. Let q(n) = 4*t(n) + 3*w(n). What is the tens digit of q(4)?
1
Let v be -2 + (-3 + 4)*-1. Let w be 1/v + 1070/(-30). What is the units digit of w/12*(-2 + -5)?
1
Let c be 2/4 - 1/2. Suppose 4*a - 16 = -c*a. Suppose 0 = g - 0*f - f - 18, a = -2*f. What is the units digit of g?
6
Suppose -4*c + 2*j = -1896, -2*c - 3*j - 1422 = -5*c. What is the hundreds digit of c?
4
Let q(g) be the first derivative of 5*g**3/3 + 3*g**2/2 + 8*g - 5. What is the units digit of q(-2)?
2
Let o(z) = 92*z + 4. Let f(s) = 46*s + 2. Let g(l) = 5*f(l) - 2*o(l). What is the tens digit of g(1)?
4
Suppose -3*t + 5*q + 252 = -476, 0 = -5*t + 4*q + 1196. What is the hundreds digit of t?
2
Let q(u) = -u**3 + 2*u**2 + 53*u + 24. What is the units digit of q(-8)?
0
Let o = 44 + 24. What is the tens digit of (-10)/4*o/(-5)?
3
Let l(z) = -z**3 - 14*z**2 - 12*z - 15. Let r be l(-12). Let n be 10/25 + r/(-15). Suppose -n = -4*m + 97. What is the tens digit of m?
2
Suppose 0 = -4*z + 98 + 22. Let s = -29 + z. What is the tens digit of 1/((3/156)/s)?
5
Suppose 4*a - 3692 = -784. What is the units digit of a?
7
Suppose 5*n + 6*o - 2*o = 4, -4*n + o = -20. Suppose 0 = 2*f + 4 + n, -v - 6 = 2*f. Suppose -v*z + 24 = -28. What is the units digit of z?
6
Suppose -5*s = -5*g - 765, 0 = 3*s - 5*g - 331 - 122. Suppose 0 = -2*c + 5*i - 3*i + s, 0 = -2*c + 4*i + 160. What is the units digit of c?
6
Let f = 506 - 119. What is the units digit of f?
7
Let n(k) be the first derivative of k**4/12 - k**3/6 - k**2/2 + 6*k - 4. Let r(u) be the first derivative of n(u). What is the units digit of r(5)?
9
Suppose 26*z = 1276 - 158. What is the tens digit of z?
4
Suppose -3*s - 4*w + 10882 = 0, -60*w - 2 = -62*w. What is the units digit of s?
6
Let s = -996 - -2045. What is the hundreds digit of s?
0
Let z(q) = 5*q**2 - 7*q + 3. Let g(j) = 9*j**2 - 15*j + 6. Let a(i) = -3*g(i) + 5*z(i). Let f be a(4). Suppose f*h - 23 = 137. What is the units digit of h?
2
Suppose 0 = -478*r + 506*r - 152600. What is the tens digit of r?
5
Suppose -3*y + 15 = 5*z, -5*z + 1 - 6 = -y. Suppose 3*g = -z*g - 9. What is the units digit of g + (-1)/((-3)/69)?
0
Suppose 14 = c + 131. Let g = c - -285. What is the hundreds digit of g?
1
Let a = 1315 - 735. What is the tens digit of a?
8
Suppose -8 = -3*h + 4. Suppose 75 = h*g - 33. What is the units digit of g?
7
Suppose 5*z + 4990 = 6*m + 10*z, -4*m + 3314 = -3*z. What is the units digit of m?
0
Let f(j) = j**3 - 4*j**2 - j + 7. Let g be f(4). Suppose -5*o = -4*l - 785, 0*o = -g*o + 5*l + 458. What is the units digit of o?
1
Suppose 4*q = -5*f + 569, 5*q - 4*f - f - 655 = 0. What is the units digit of q?
6
What is the hundreds digit of (-18882)/(-54) - (-1)/3?
3
Let z(u) = 103*u**3 - u**2 - 3*u + 2. What is the hundreds digit of z(2)?
8
Let o(c) = -116*c - 56. What is the units digit of o(-14)?
8
Let u(k) = -32*k + 4*k**3 - k**3 + 18*k**2 + 13 - 2*k**3 - 5*k**2. What is the tens digit of u(-15)?
4
Suppose -6 = -2*k, h - 2869 = -4*h - 3*k. Suppose -15*v = -11*v - h. What is the tens digit of v?
4
What is the hundreds digit of (-6*(-4)/(-28))/((-1)/1463)?
2
Suppose 9*k = 6*k - 3*d + 10122, 3*d + 16902 = 5*k. What is the hundreds digit of k?
3
Let m be (-5)/10*(-4)/1. Let o be 5 + 3/m*-2. What is the units digit of (o - 12/21)*7?
0
Let x = 40 + -26. Let u be x/(-1) - (2 - 1). What is the tens digit of (-18)/u*(-210)/(-9)?
2
Let d = -30 - -35. Suppose 375 = 5*u - 5*h, -4*h = d - 25. What is the units digit of u?
0
What is the tens digit of 169689/399 - (2/(-7))/(-1)?
2
Let v = 17 - 11. Suppose -v = 4*y - 22. Suppose -9*z = -y*z - 110. What is the units digit of z?
2
Let o(f) = -12*f + 4. Let b(t) be the first derivative of -t**4/2 - 2*t**3/3 + t - 2. Let c be b(1). What is the units digit of o(c)?
0
Let c(r) = -4*r**2 + 3*r + 7. Let d(t) = 13*t**2 - 8*t - 22. Let w(v) = -14*c(v) - 4*d(v). What is the hundreds digit of w(8)?
1
Let u(o) = -o**3 + 16*o**2 + 118*o + 10. What is the hundreds digit of u(-10)?
4
Let b be (5 + -4 + 17)*4/18. Let r(m) = 7*m**3 - 5*m**2 + m + 3. Let i be r(3). What is the units digit of ((-24)/(-15))/(b/i)?
0
Suppose 11*g - 432 = 1218. What is the tens digit of g?
5
Let c(d) = 58*d + 20. What is the units digit of c(6)?
8
Let c = -4935 - -7222. What is the thousands digit of c?
2
Let p = 6 + -1. Suppose k - 4*z - 19 = 0, -p*k + 0 + 19 = -z. Suppose 3*v - 88 = h, h + k*h = -4*v + 128. What is the units digit of v?
0
Suppose 12702 = 11*h - 9793. What is the units digit of h?
5
What is the hundreds digit of 4928/21 - (-6)/(-9)?
2
Let a(f) = -f**3 - 11*f**2 + 23. Let m be a(-11). Let j = m + 159. What is the units digit of j?
2
What is the tens digit of 2/(-3) + (-15813)/(-27) + -7?
7
Suppose -42*v + 5*g + 772 = -38*v, -3*v - 4*g = -548. What is the tens digit of v?
8
Let t(p) = -2668*p**3 - 3*p**2 + 23*p + 26. What is the thousands digit of t(-1)?
2
Suppose -8 + 3 = -5*w, 0 = 4*v - 5*w + 45. Let m = v - -12. Suppose -m*a - 23 = -5*u, -a + 4*u = 2*a + 17. What is the units digit of a?
1
Let r(p) = 3*p + 